{"id":310,"date":"2025-07-27T05:17:17","date_gmt":"2025-07-27T05:17:17","guid":{"rendered":"https:\/\/portariaremotasaopaulo.com.br\/index.php\/penny-grow-about-us\/"},"modified":"2025-09-22T00:48:10","modified_gmt":"2025-09-22T00:48:10","slug":"sobre-nos","status":"publish","type":"page","link":"https:\/\/portariaremotasaopaulo.com.br\/index.php\/sobre-nos\/","title":{"rendered":"Sobre N\u00f3s"},"content":{"rendered":"\t\t<div data-elementor-type=\"wp-page\" data-elementor-id=\"310\" class=\"elementor elementor-310\" data-elementor-post-type=\"page\">\n\t\t\t\t\t\t<section class=\"elementor-section elementor-top-section elementor-element elementor-element-6f56534 elementor-reverse-tablet elementor-reverse-mobile elementor-section-boxed elementor-section-height-default elementor-section-height-default\" data-id=\"6f56534\" data-element_type=\"section\" id=\"info_section\" data-settings=\"{&quot;background_background&quot;:&quot;gradient&quot;}\">\n\t\t\t\t\t\t\t<div class=\"elementor-background-overlay\"><\/div>\n\t\t\t\t\t\t\t<div class=\"elementor-container elementor-column-gap-no\">\n\t\t\t\t\t<div class=\"elementor-column elementor-col-100 elementor-top-column elementor-element elementor-element-3a0e1b1\" data-id=\"3a0e1b1\" data-element_type=\"column\">\n\t\t\t<div class=\"elementor-widget-wrap elementor-element-populated\">\n\t\t\t\t\t\t<div class=\"elementor-element elementor-element-b3543fc elementor-widget elementor-widget-heading\" data-id=\"b3543fc\" data-element_type=\"widget\" data-widget_type=\"heading.default\">\n\t\t\t\t\t<h1 class=\"elementor-heading-title elementor-size-default\">Quem Somos<\/h1>\t\t\t\t<\/div>\n\t\t\t\t<div class=\"elementor-element elementor-element-9cbbf62 elementor-widget elementor-widget-heading\" data-id=\"9cbbf62\" data-element_type=\"widget\" data-widget_type=\"heading.default\">\n\t\t\t\t\t<p class=\"elementor-heading-title elementor-size-default\">Na Portaria Remota S\u00e3o Paulo, unimos tecnologia e cuidado humano. Garantimos seguran\u00e7a, agilidade e confian\u00e7a com monitoramento 24h e solu\u00e7\u00f5es que protegem seu patrim\u00f4nio e sua tranquilidade.<\/p>\t\t\t\t<\/div>\n\t\t\t\t<div class=\"elementor-element elementor-element-16dfe67 elementor-tablet-align-center elementor-align-center elementor-widget elementor-widget-button\" data-id=\"16dfe67\" data-element_type=\"widget\" data-widget_type=\"button.default\">\n\t\t\t\t\t\t\t\t\t\t<a class=\"elementor-button elementor-button-link elementor-size-md elementor-animation-shrink\" href=\"#\">\n\t\t\t\t\t\t<span class=\"elementor-button-content-wrapper\">\n\t\t\t\t\t\t\t\t\t<span class=\"elementor-button-text\">Fale Conosco<\/span>\n\t\t\t\t\t<\/span>\n\t\t\t\t\t<\/a>\n\t\t\t\t\t\t\t\t<\/div>\n\t\t\t\t\t<\/div>\n\t\t<\/div>\n\t\t\t\t\t<\/div>\n\t\t<\/section>\n\t\t\t\t<section class=\"elementor-section elementor-top-section elementor-element elementor-element-42b87fe elementor-section-content-middle elementor-section-boxed elementor-section-height-default elementor-section-height-default\" data-id=\"42b87fe\" data-element_type=\"section\">\n\t\t\t\t\t\t<div class=\"elementor-container elementor-column-gap-no\">\n\t\t\t\t\t<div class=\"elementor-column elementor-col-100 elementor-top-column elementor-element elementor-element-6a8ad54\" data-id=\"6a8ad54\" data-element_type=\"column\">\n\t\t\t<div class=\"elementor-widget-wrap elementor-element-populated\">\n\t\t\t\t\t\t<div class=\"elementor-element elementor-element-cc3d5d3 elementor-widget elementor-widget-heading\" data-id=\"cc3d5d3\" data-element_type=\"widget\" data-widget_type=\"heading.default\">\n\t\t\t\t\t<h2 class=\"elementor-heading-title elementor-size-default\">Nossa Hist\u00f3ria<\/h2>\t\t\t\t<\/div>\n\t\t\t\t<div class=\"elementor-element elementor-element-7a2a9b1 elementor-widget elementor-widget-heading\" data-id=\"7a2a9b1\" data-element_type=\"widget\" data-widget_type=\"heading.default\">\n\t\t\t\t\t<p class=\"elementor-heading-title elementor-size-default\">Nossa hist\u00f3ria nasceu do desejo de transformar seguran\u00e7a em confian\u00e7a. Criamos a Portaria Remota S\u00e3o Paulo para unir tecnologia inteligente e atendimento humano, garantindo prote\u00e7\u00e3o, praticidade e tranquilidade aos condom\u00ednios. Com monitoramento 24h, controle de acessos e suporte especializado, crescemos lado a lado com nossos clientes, sempre comprometidos em inovar e preservar o que mais importa: a vida e o patrim\u00f4nio.\n\n<\/p>\t\t\t\t<\/div>\n\t\t\t\t<div class=\"elementor-element elementor-element-756f7f1 elementor-widget elementor-widget-heading\" data-id=\"756f7f1\" data-element_type=\"widget\" data-widget_type=\"heading.default\">\n\t\t\t\t\t<p class=\"elementor-heading-title elementor-size-default\">Ao longo dos anos, expandimos nossa atua\u00e7\u00e3o com solu\u00e7\u00f5es que unem c\u00e2meras inteligentes, biometria e softwares de gest\u00e3o. Cada conquista reflete a confian\u00e7a dos nossos clientes e o compromisso em inovar. Seguimos crescendo, firmes na miss\u00e3o de oferecer tecnologia de ponta com proximidade humana, construindo rela\u00e7\u00f5es s\u00f3lidas e duradouras.<\/p>\t\t\t\t<\/div>\n\t\t\t\t<div class=\"elementor-element elementor-element-eb78b0b elementor-widget elementor-widget-heading\" data-id=\"eb78b0b\" data-element_type=\"widget\" data-widget_type=\"heading.default\">\n\t\t\t\t\t<p class=\"elementor-heading-title elementor-size-default\">\u201cNosso prop\u00f3sito \u00e9 simples: inovar sem perder a ess\u00eancia humana. Acreditamos que tecnologia e cuidado caminham juntos para proteger vidas e criar confian\u00e7a.\u201d \u2013 Jarbas Carvalho<\/p>\t\t\t\t<\/div>\n\t\t\t\t<div class=\"elementor-element elementor-element-f367bc1 elementor-widget elementor-widget-heading\" data-id=\"f367bc1\" data-element_type=\"widget\" data-widget_type=\"heading.default\">\n\t\t\t\t\t<p class=\"elementor-heading-title elementor-size-default\">Hoje, nossa trajet\u00f3ria reflete a soma de experi\u00eancia, dedica\u00e7\u00e3o e inova\u00e7\u00e3o. Aprendemos que cada cliente traz consigo necessidades \u00fanicas, e nosso papel \u00e9 entregar solu\u00e7\u00f5es que simplificam a rotina e fortalecem a confian\u00e7a. Ao alinhar tecnologia de ponta com atendimento humanizado, criamos um modelo de seguran\u00e7a que inspira tranquilidade e efici\u00eancia. A Portaria Remota em S\u00e3o Paulo se tornou refer\u00eancia por unir agilidade, transpar\u00eancia e proximidade. Nosso compromisso \u00e9 continuar evoluindo, substituindo incertezas por confian\u00e7a, d\u00favidas por clareza e desafios por oportunidades. Enxergamos um futuro onde cada condom\u00ednio possa viver com mais seguran\u00e7a e paz.<\/p>\t\t\t\t<\/div>\n\t\t\t\t\t<\/div>\n\t\t<\/div>\n\t\t\t\t\t<\/div>\n\t\t<\/section>\n\t\t\t\t<section class=\"elementor-section elementor-top-section elementor-element elementor-element-5d0858e elementor-section-boxed elementor-section-height-default elementor-section-height-default\" data-id=\"5d0858e\" data-element_type=\"section\" data-settings=\"{&quot;background_background&quot;:&quot;classic&quot;}\">\n\t\t\t\t\t\t\t<div class=\"elementor-background-overlay\"><\/div>\n\t\t\t\t\t\t\t<div class=\"elementor-container elementor-column-gap-no\">\n\t\t\t\t\t<div class=\"elementor-column elementor-col-100 elementor-top-column elementor-element elementor-element-f7127fd\" data-id=\"f7127fd\" data-element_type=\"column\" data-settings=\"{&quot;background_background&quot;:&quot;classic&quot;}\">\n\t\t\t<div class=\"elementor-widget-wrap elementor-element-populated\">\n\t\t\t\t\t<div class=\"elementor-background-overlay\"><\/div>\n\t\t\t\t\t\t<div class=\"elementor-element elementor-element-570c324 elementor-widget__width-auto elementor-absolute elementor-widget elementor-widget-image\" data-id=\"570c324\" data-element_type=\"widget\" data-settings=\"{&quot;_position&quot;:&quot;absolute&quot;}\" data-widget_type=\"image.default\">\n\t\t\t\t\t\t\t\t\t\t\t\t\t\t\t<img fetchpriority=\"high\" decoding=\"async\" width=\"1890\" height=\"1905\" src=\"https:\/\/portariaremotasaopaulo.com.br\/wp-content\/uploads\/2024\/03\/Ellipse-1.png\" class=\"attachment-full size-full wp-image-273\" alt=\"\" srcset=\"https:\/\/portariaremotasaopaulo.com.br\/wp-content\/uploads\/2024\/03\/Ellipse-1.png 1890w, https:\/\/portariaremotasaopaulo.com.br\/wp-content\/uploads\/2024\/03\/Ellipse-1-298x300.png 298w, https:\/\/portariaremotasaopaulo.com.br\/wp-content\/uploads\/2024\/03\/Ellipse-1-1016x1024.png 1016w, https:\/\/portariaremotasaopaulo.com.br\/wp-content\/uploads\/2024\/03\/Ellipse-1-150x150.png 150w, https:\/\/portariaremotasaopaulo.com.br\/wp-content\/uploads\/2024\/03\/Ellipse-1-768x774.png 768w, https:\/\/portariaremotasaopaulo.com.br\/wp-content\/uploads\/2024\/03\/Ellipse-1-1524x1536.png 1524w\" sizes=\"(max-width: 1890px) 100vw, 1890px\" \/>\t\t\t\t\t\t\t\t\t\t\t\t\t\t\t<\/div>\n\t\t\t\t<div class=\"elementor-element elementor-element-74b0ff2 elementor-widget__width-auto elementor-absolute elementor-widget elementor-widget-image\" data-id=\"74b0ff2\" data-element_type=\"widget\" data-settings=\"{&quot;_position&quot;:&quot;absolute&quot;}\" data-widget_type=\"image.default\">\n\t\t\t\t\t\t\t\t\t\t\t\t\t\t\t<img fetchpriority=\"high\" decoding=\"async\" width=\"1890\" height=\"1905\" src=\"https:\/\/portariaremotasaopaulo.com.br\/wp-content\/uploads\/2024\/03\/Ellipse-1.png\" class=\"attachment-full size-full wp-image-273\" alt=\"\" srcset=\"https:\/\/portariaremotasaopaulo.com.br\/wp-content\/uploads\/2024\/03\/Ellipse-1.png 1890w, https:\/\/portariaremotasaopaulo.com.br\/wp-content\/uploads\/2024\/03\/Ellipse-1-298x300.png 298w, https:\/\/portariaremotasaopaulo.com.br\/wp-content\/uploads\/2024\/03\/Ellipse-1-1016x1024.png 1016w, https:\/\/portariaremotasaopaulo.com.br\/wp-content\/uploads\/2024\/03\/Ellipse-1-150x150.png 150w, https:\/\/portariaremotasaopaulo.com.br\/wp-content\/uploads\/2024\/03\/Ellipse-1-768x774.png 768w, https:\/\/portariaremotasaopaulo.com.br\/wp-content\/uploads\/2024\/03\/Ellipse-1-1524x1536.png 1524w\" sizes=\"(max-width: 1890px) 100vw, 1890px\" \/>\t\t\t\t\t\t\t\t\t\t\t\t\t\t\t<\/div>\n\t\t\t\t<section class=\"elementor-section elementor-inner-section elementor-element elementor-element-fffe1d7 elementor-section-full_width elementor-section-height-default elementor-section-height-default\" data-id=\"fffe1d7\" data-element_type=\"section\">\n\t\t\t\t\t\t<div class=\"elementor-container elementor-column-gap-no\">\n\t\t\t\t\t<div class=\"elementor-column elementor-col-25 elementor-inner-column elementor-element elementor-element-f40a098\" data-id=\"f40a098\" data-element_type=\"column\">\n\t\t\t<div class=\"elementor-widget-wrap elementor-element-populated\">\n\t\t\t\t\t\t<div class=\"elementor-element elementor-element-31f9e9c elementor-widget elementor-widget-counter\" data-id=\"31f9e9c\" data-element_type=\"widget\" data-widget_type=\"counter.default\">\n\t\t\t\t\t\t\t<div class=\"elementor-counter\">\n\t\t\t<div class=\"elementor-counter-title\">Condom\u00ednios<\/div>\t\t\t<div class=\"elementor-counter-number-wrapper\">\n\t\t\t\t<span class=\"elementor-counter-number-prefix\"><\/span>\n\t\t\t\t<span class=\"elementor-counter-number\" data-duration=\"2000\" data-to-value=\"133\" data-from-value=\"\" data-delimiter=\",\"><\/span>\n\t\t\t\t<span class=\"elementor-counter-number-suffix\"><\/span>\n\t\t\t<\/div>\n\t\t<\/div>\n\t\t\t\t\t\t<\/div>\n\t\t\t\t\t<\/div>\n\t\t<\/div>\n\t\t\t\t<div class=\"elementor-column elementor-col-25 elementor-inner-column elementor-element elementor-element-14bbc5d\" data-id=\"14bbc5d\" data-element_type=\"column\">\n\t\t\t<div class=\"elementor-widget-wrap elementor-element-populated\">\n\t\t\t\t\t\t<div class=\"elementor-element elementor-element-69365ef elementor-widget elementor-widget-counter\" data-id=\"69365ef\" data-element_type=\"widget\" data-widget_type=\"counter.default\">\n\t\t\t\t\t\t\t<div class=\"elementor-counter\">\n\t\t\t<div class=\"elementor-counter-title\">Vidas Protegidas<\/div>\t\t\t<div class=\"elementor-counter-number-wrapper\">\n\t\t\t\t<span class=\"elementor-counter-number-prefix\"><\/span>\n\t\t\t\t<span class=\"elementor-counter-number\" data-duration=\"2000\" data-to-value=\"7980\" data-from-value=\"\" data-delimiter=\",\"><\/span>\n\t\t\t\t<span class=\"elementor-counter-number-suffix\"><\/span>\n\t\t\t<\/div>\n\t\t<\/div>\n\t\t\t\t\t\t<\/div>\n\t\t\t\t\t<\/div>\n\t\t<\/div>\n\t\t\t\t<div class=\"elementor-column elementor-col-25 elementor-inner-column elementor-element elementor-element-995636b\" data-id=\"995636b\" data-element_type=\"column\">\n\t\t\t<div class=\"elementor-widget-wrap elementor-element-populated\">\n\t\t\t\t\t\t<div class=\"elementor-element elementor-element-2174982 elementor-widget elementor-widget-counter\" data-id=\"2174982\" data-element_type=\"widget\" data-widget_type=\"counter.default\">\n\t\t\t\t\t\t\t<div class=\"elementor-counter\">\n\t\t\t<div class=\"elementor-counter-title\">Cidades<\/div>\t\t\t<div class=\"elementor-counter-number-wrapper\">\n\t\t\t\t<span class=\"elementor-counter-number-prefix\"><\/span>\n\t\t\t\t<span class=\"elementor-counter-number\" data-duration=\"2000\" data-to-value=\"10\" data-from-value=\"\" data-delimiter=\",\"><\/span>\n\t\t\t\t<span class=\"elementor-counter-number-suffix\"><\/span>\n\t\t\t<\/div>\n\t\t<\/div>\n\t\t\t\t\t\t<\/div>\n\t\t\t\t\t<\/div>\n\t\t<\/div>\n\t\t\t\t<div class=\"elementor-column elementor-col-25 elementor-inner-column elementor-element elementor-element-7e64e25\" data-id=\"7e64e25\" data-element_type=\"column\">\n\t\t\t<div class=\"elementor-widget-wrap elementor-element-populated\">\n\t\t\t\t\t\t<div class=\"elementor-element elementor-element-fc814e9 elementor-widget elementor-widget-counter\" data-id=\"fc814e9\" data-element_type=\"widget\" data-widget_type=\"counter.default\">\n\t\t\t\t\t\t\t<div class=\"elementor-counter\">\n\t\t\t<div class=\"elementor-counter-title\">Satisfa\u00e7\u00e3o<\/div>\t\t\t<div class=\"elementor-counter-number-wrapper\">\n\t\t\t\t<span class=\"elementor-counter-number-prefix\"><\/span>\n\t\t\t\t<span class=\"elementor-counter-number\" data-duration=\"2000\" data-to-value=\"99\" data-from-value=\"\" data-delimiter=\",\"><\/span>\n\t\t\t\t<span class=\"elementor-counter-number-suffix\">%<\/span>\n\t\t\t<\/div>\n\t\t<\/div>\n\t\t\t\t\t\t<\/div>\n\t\t\t\t\t<\/div>\n\t\t<\/div>\n\t\t\t\t\t<\/div>\n\t\t<\/section>\n\t\t\t\t\t<\/div>\n\t\t<\/div>\n\t\t\t\t\t<\/div>\n\t\t<\/section>\n\t\t\t\t<section class=\"elementor-section elementor-top-section elementor-element elementor-element-753fd46 elementor-section-content-middle elementor-section-boxed elementor-section-height-default elementor-section-height-default\" data-id=\"753fd46\" data-element_type=\"section\" data-settings=\"{&quot;background_background&quot;:&quot;gradient&quot;}\">\n\t\t\t\t\t\t<div class=\"elementor-container elementor-column-gap-no\">\n\t\t\t\t\t<div class=\"elementor-column elementor-col-100 elementor-top-column elementor-element elementor-element-d6e873b\" data-id=\"d6e873b\" data-element_type=\"column\">\n\t\t\t<div class=\"elementor-widget-wrap elementor-element-populated\">\n\t\t\t\t\t\t<div class=\"elementor-element elementor-element-58ec8e2 elementor-widget elementor-widget-heading\" data-id=\"58ec8e2\" data-element_type=\"widget\" data-widget_type=\"heading.default\">\n\t\t\t\t\t<h3 class=\"elementor-heading-title elementor-size-default\">O que Fazemos<\/h3>\t\t\t\t<\/div>\n\t\t\t\t<div class=\"elementor-element elementor-element-dcd7763 elementor-widget elementor-widget-heading\" data-id=\"dcd7763\" data-element_type=\"widget\" data-widget_type=\"heading.default\">\n\t\t\t\t\t<p class=\"elementor-heading-title elementor-size-default\">O diferencial da PRSP vai al\u00e9m da tecnologia: est\u00e1 no relacionamento humano.<\/p>\t\t\t\t<\/div>\n\t\t\t\t<div class=\"elementor-element elementor-element-34e3db7 elementor-widget elementor-widget-heading\" data-id=\"34e3db7\" data-element_type=\"widget\" data-widget_type=\"heading.default\">\n\t\t\t\t\t<p class=\"elementor-heading-title elementor-size-default\">Na PRSP, acreditamos que seguran\u00e7a e inova\u00e7\u00e3o caminham juntas. Nosso sistema de portaria remota alia tecnologia de ponta, monitoramento cont\u00ednuo e processos inteligentes que simplificam a rotina dos condom\u00ednios. Trabalhamos com c\u00e2meras de alta performance, biometria e softwares avan\u00e7ados para garantir efici\u00eancia sem abrir m\u00e3o da transpar\u00eancia. Cada projeto \u00e9 desenhado para atender \u00e0s necessidades espec\u00edficas, sempre com o objetivo de oferecer mais tranquilidade, confian\u00e7a e praticidade a todos os moradores.\n\nO diferencial da PRSP vai al\u00e9m da tecnologia: est\u00e1 no relacionamento humano. Entendemos que cada condom\u00ednio tem desafios \u00fanicos, por isso atuamos pr\u00f3ximos aos clientes, ouvindo, ajustando e personalizando solu\u00e7\u00f5es. Com \u00e9tica e clareza, constru\u00edmos la\u00e7os s\u00f3lidos com s\u00edndicos e cond\u00f4minos, mostrando que seguran\u00e7a tamb\u00e9m se faz com respeito e parceria. Nosso trabalho \u00e9 transformar tecnologia em confian\u00e7a e atendimento em cuidado, garantindo que cada cliente sinta-se valorizado em todas as etapas da jornada.<\/p>\t\t\t\t<\/div>\n\t\t\t\t\t<\/div>\n\t\t<\/div>\n\t\t\t\t\t<\/div>\n\t\t<\/section>\n\t\t<div class=\"elementor-element elementor-element-1ceca72 e-flex e-con-boxed e-con e-parent\" data-id=\"1ceca72\" data-element_type=\"container\">\n\t\t\t\t\t<div class=\"e-con-inner\">\n\t\t\t\t\t<\/div>\n\t\t\t\t<\/div>\n\t\t\t\t<\/div>\n\t\t","protected":false},"excerpt":{"rendered":"<p>Quem Somos Na Portaria Remota S\u00e3o Paulo, unimos tecnologia e cuidado humano. Garantimos seguran\u00e7a, agilidade e confian\u00e7a com monitoramento 24h e solu\u00e7\u00f5es que protegem seu patrim\u00f4nio e sua tranquilidade. Fale Conosco Nossa Hist\u00f3ria Nossa hist\u00f3ria nasceu do desejo de transformar seguran\u00e7a em confian\u00e7a. Criamos a Portaria Remota S\u00e3o Paulo para unir tecnologia inteligente e atendimento [&hellip;]<\/p>\n","protected":false},"author":1,"featured_media":0,"parent":0,"menu_order":0,"comment_status":"closed","ping_status":"closed","template":"elementor_header_footer","meta":{"footnotes":""},"class_list":["post-310","page","type-page","status-publish","hentry"],"_links":{"self":[{"href":"https:\/\/portariaremotasaopaulo.com.br\/index.php\/wp-json\/wp\/v2\/pages\/310","targetHints":{"allow":["GET"]}}],"collection":[{"href":"https:\/\/portariaremotasaopaulo.com.br\/index.php\/wp-json\/wp\/v2\/pages"}],"about":[{"href":"https:\/\/portariaremotasaopaulo.com.br\/index.php\/wp-json\/wp\/v2\/types\/page"}],"author":[{"embeddable":true,"href":"https:\/\/portariaremotasaopaulo.com.br\/index.php\/wp-json\/wp\/v2\/users\/1"}],"replies":[{"embeddable":true,"href":"https:\/\/portariaremotasaopaulo.com.br\/index.php\/wp-json\/wp\/v2\/comments?post=310"}],"version-history":[{"count":14,"href":"https:\/\/portariaremotasaopaulo.com.br\/index.php\/wp-json\/wp\/v2\/pages\/310\/revisions"}],"predecessor-version":[{"id":488,"href":"https:\/\/portariaremotasaopaulo.com.br\/index.php\/wp-json\/wp\/v2\/pages\/310\/revisions\/488"}],"wp:attachment":[{"href":"https:\/\/portariaremotasaopaulo.com.br\/index.php\/wp-json\/wp\/v2\/media?parent=310"}],"curies":[{"name":"wp","href":"https:\/\/api.w.org\/{rel}","templated":true}]}}